et u(w) = -w**3 - 13*w**2 + 246*w + 1694. Let s be u(-21). Let i be 4/14 + 7832/28. What is the greatest common factor of i and s?
56
Let z = 253 - 252. Suppose 21 = -5*v + 6, z = -2*n - v. Let a = 0 + 4. What is the greatest common divisor of n and a?
1
Let c be (-31)/((-31)/266) - 13. Suppose 4*l - 7 = -3*t + 3, 0 = -l - t + 3. Let u be 1/(l/20) - -3. Calculate the highest common divisor of c and u.
23
Let m(x) = 55*x - 2 + 1 + 1. Let b be m(1). Let w be (-75)/(-45)*8/((-48)/(-18)). What is the highest common divisor of w and b?
5
Let u be 26*(2 - -1) - 7/((-182)/(-78)). Calculate the highest common divisor of 390 and u.
15
Let w(x) = 1853*x + 6. Let f be w(1). What is the highest common factor of f and 11?
11
Let x be ((-13310)/33)/(-22)*27/15. Calculate the highest common divisor of 946 and x.
11
Suppose -5*t = r - 176, -2*r + 4*r + 2*t = 344. Suppose g = -8*g + r. Let w = 27 - 8. What is the highest common divisor of g and w?
19
Let u be (-11264)/(-99) + (-2)/(-9). Suppose -33*f + 118 = -28*f + 4*b, 5*f = -2*b + u. What is the greatest common factor of f and 10?
2
Let f(a) = a**3 + 14*a**2 + 21*a - 28. Let s be f(-12). Let b be (-15)/(-60) - (-1558)/s. What is the greatest common factor of 39 and b?
39
Suppose 5*g - 4*o = 3699, -5*g - 824 = -o - 4505. Calculate the greatest common factor of g and 75.
15
Let x = 82 + -50. Let g(y) = -2*y**3 + 14*y**2 + 2*y - 10. Let u be g(7). Suppose u*b - 129 = 63. Calculate the highest common divisor of x and b.
16
Suppose 3*j + 12 - 24 = 0. Let n be (3 - (1 - j)) + -4 - -3. Calculate the greatest common factor of n and 40.
5
Let a(y) = -2*y**2 + 6*y + 149. Let o be a(-7). Suppose -t + 4 = -h, 2*t = -4*h + 1 - 29. Let m be h/4*2*-30. What is the greatest common divisor of o and m?
9
Let u(i) = -108 + 26*i - 10 + i**2 + 16. Let v be u(-30). Calculate the highest common factor of v and 450.
18
Let u(x) = -x**3 - 39*x**2 - 34*x + 270. Let w be u(-39). Calculate the highest common divisor of w and 204.
12
Let c be (0 - 0) + (-22 - -24). Suppose 5*p - 38 - 276 = -c*y, 2*y = -2*p + 122. Let r = 37 + -5. What is the greatest common divisor of p and r?
32
Let j = -19210 + 23701. Calculate the greatest common divisor of 90 and j.
9
Let g(m) = 219*m**2 + 1. Let v be g(1). Let z(j) = 156*j + 523. Let k be z(-3). What is the greatest common factor of v and k?
55
Let s(m) = -m. Let r be s(-25). Let k = 26 + -1. Calculate the greatest common divisor of r and k.
25
Let m be (20/(-25) - -1)/(-2 - 66/(-30)). What is the highest common divisor of m and 625?
1
Let h be 16*(1 - 0) + -2. Suppose -34*w - 732 = -22*w. Let q = 215 + w. What is the highest common divisor of q and h?
14
Suppose -21*k + 2*k = 1900. Let d = k + 127. What is the highest common divisor of d and 135?
27
Suppose 0 = 5*k - 3*p - 501, 6*k + 2*p - 194 = 4*k. What is the greatest common divisor of 352 and k?
11
Suppose 4*h = 70*t - 73*t + 172, 3*t - 2*h = 148. Calculate the greatest common factor of t and 6136.
52
Let r(f) = 13*f**2 + f - 1. Let v be r(-1). Suppose 401 = n - 3*i, -5*n - 2*i + 2247 - 208 = 0. What is the greatest common factor of v and n?
11
Let g(o) be the first derivative of 5*o**2/2 - o - 6. Let v be g(1). Suppose -22 = -p + n, 5*p + 5*n = v*p + 52. What is the greatest common factor of 27 and p?
27
Let o = -35810 + 35985. Calculate the highest common factor of o and 1169.
7
Let d = 68 - -16. Let f(y) = y**3 - y**2 - 37*y - 1. Let h be f(11). Suppose 22*k - h = 430. Calculate the highest common divisor of d and k.
28
Let n = 2058 + -1448. Let y be n/10 + -1*1. Suppose -2*s + 4*s = 2*p - 90, -p - 4*s + y = 0. Calculate the greatest common factor of p and 12.
12
Let x = 531 + 1732. Calculate the highest common divisor of x and 73.
73
Let w = 2746 + -2711. Calculate the highest common divisor of 85 and w.
5
Let r(g) = -27*g**3 + 50*g**3 - 2*g**2 + 0*g**2. Let z be r(2). What is the greatest common factor of z and 11?
11
Suppose 0 = u - b + 1, 4*u - 2*b + 1 = u. Let h be 7*((-16)/(-7) - (1 + u)). Suppose 2*q - 4*q + h = 0. What is the highest common divisor of q and 1?
1
Let d(h) = h**3 - 8*h**2 - 8*h - 13. Let f be d(10). Let z = 116 - f. Calculate the highest common factor of z and 45.
9
Let l be (-170)/(-136) + 221499/36. Calculate the greatest common divisor of 136 and l.
34
Let d = -31964 + 32246. Calculate the greatest common divisor of d and 35814.
282
Suppose g = -1 - 1. Let a be 10 + (-6)/2 - g. Let v be 2/(-5) + (-160)/(-25) + 12. What is the highest common factor of v and a?
9
Let n be 54 - (3 + -2 - 1). Let f be 75 - 41 - (6 + 1). Calculate the greatest common factor of f and n.
27
Suppose -4*t + 3*d = t - 561, -2*t + 240 = 4*d. Suppose 2*q = -3*q + 30. What is the greatest common divisor of q and t?
6
Suppose 3*t - 49220 - 9718 = -3*n, 3*t - 58929 = -2*n. What is the highest common factor of 146 and t?
73
Suppose 4*p - 4 = 4. Suppose 71 = p*l - 7. Suppose -126*g - 41*g + 10*g + 4082 = 0. What is the highest common divisor of l and g?
13
Let g = 974 - 855. Calculate the greatest common factor of g and 476.
119
Suppose 2021 = 4*b - 331. Suppose 3*n + 2*z = 66 - 38, 4*z = n - 28. Calculate the highest common divisor of n and b.
12
Let p = 18 + 20. Suppose -43*t + p*t = 30. Let d(i) = -21*i - 21. Let k be d(t). Calculate the highest common factor of k and 21.
21
Let v = 23193 + -21113. What is the highest common factor of v and 4784?
208
Suppose -2*p + 98 = -2*m - m, 0 = m - 2. Let j = -28 + p. What is the greatest common factor of 3 and j?
3
Let b(l) = -19*l + 138. Let w be b(7). Suppose -4*t + 476 = 2*y, -w*t - y + 597 = y. What is the highest common factor of t and 44?
11
Suppose -5*t - 89 = -414. Suppose 1560 = -2107*c + 2227*c. What is the greatest common divisor of t and c?
13
Let b(n) = -13*n - 3. Let w = 16 + -12. Suppose -2*u = -2*r - 2 - 0, 9 = -u - w*r. Let z be b(u). What is the highest common divisor of 25 and z?
5
Suppose 5*n = -5*w + 95, -3*w + 6*n - 5*n = -73. Suppose -w = 3*u - 92. Suppose -20*m - 273 = -u*m. What is the greatest common factor of m and 13?
13
Suppose 4*t = 6*h - 8*h + 34, 5*h = 3*t + 98. What is the highest common factor of h and 5491?
19
Let k(u) = -u**3 - 16*u**2 - 24*u - 88. Let v be k(-16). Let o be 36 + (-2 - -2 - -1). Calculate the highest common divisor of v and o.
37
Suppose -1923*q = -1925*q + 3*f + 41, -f = -11*q + 148. Suppose 0 = -2*p + 4, 5*p = -u + 56 + 97. Calculate the greatest common factor of q and u.
13
Let r(f) = -f**2 + 24*f + 379. Let k be r(34). Calculate the greatest common factor of k and 637.
13
Let t = 1682 + -1257. What is the highest common divisor of t and 1875?
25
Let n = -1809 + 2810. What is the highest common factor of n and 13?
13
Suppose 430950 = 49*i + 16*i. Calculate the highest common factor of 51 and i.
51
Suppose 0 = -4*y - 3*x + 1606, 11*y + 5*x = 15*y - 1590. Let n = y + -391. Calculate the greatest common factor of n and 9.
9
Let y(k) = -k**3 - 51*k**2 + 335*k + 111. Let z be y(-57). What is the greatest common factor of z and 459?
51
Suppose -5 = -4*d - 4*g + 11, g = -1. Suppose -a + d*w + 5 = 0, a + 2 = -4*a - 2*w. Suppose a*s + s = 39. What is the highest common divisor of 26 and s?
13
Let t(w) = 14*w**2 - 236*w - 203. Let y be t(-61). What is the greatest common factor of 13 and y?
13
Let q = -21869 - -29856. Calculate the greatest common factor of 489 and q.
163
Let i = 22219 - 17483. What is the greatest common factor of i and 185?
37
Let c = 3998 - 3957. Calculate the greatest common divisor of c and 16.
1
Suppose -4*n + 7*n = 546. Suppose -13*j + 11*j = 3*w - 132, -4*j = -4*w + 136. Suppose -w*l = -42*l + n. What is the greatest common divisor of l and 13?
13
Let a be ((-4)/4)/((-5)/(-170)). Let y = a + 33. Let z be (-1 - -73)/(-4)*-1 + y. What is the highest common divisor of 34 and z?
17
Let a = -14014 + 16324. What is the highest common factor of 240 and a?
30
Let z(v) be the third derivative of 19*v**5/60 + 11*v**4/24 - 2*v**3 + 149*v**2. Let y be z(3). Calculate the highest common divisor of 144 and y.
48
Let i = 2592 - 2527. Calculate the greatest common divisor of i and 55.
5
Let k = -167 - -115. Let y = 82 + k. Suppose -2*z - 2*m - 2 = 0, z = 3*m - 5*m - 5. Calculate the highest common divisor of y and z.
3
Let y(v) = v**3 + 12*v**2 +